{"id":86,"date":"2025-05-04T23:24:57","date_gmt":"2025-05-04T21:24:57","guid":{"rendered":"https:\/\/www.mezieres26.ch\/s\/?page_id=86"},"modified":"2026-01-31T20:32:34","modified_gmt":"2026-01-31T18:32:34","slug":"comite","status":"publish","type":"page","link":"https:\/\/www.mezieres26.ch\/s\/comite\/","title":{"rendered":"Comit\u00e9"},"content":{"rendered":"\n<div class=\"wp-block-group alignfull is-layout-flow wp-container-core-group-is-layout-f9cb6abc wp-block-group-is-layout-flow\" style=\"margin-top:0;margin-bottom:0\">\n<div class=\"wp-block-columns alignfull is-not-stacked-on-mobile is-layout-flex wp-container-core-columns-is-layout-e154fb6a wp-block-columns-is-layout-flex\" style=\"margin-top:0;margin-bottom:0;padding-top:var(--wp--preset--spacing--40);padding-right:var(--wp--preset--spacing--40);padding-bottom:var(--wp--preset--spacing--80);padding-left:var(--wp--preset--spacing--40)\">\n<div class=\"wp-block-column is-layout-flow wp-block-column-is-layout-flow\" style=\"flex-basis:66.66%\">\n<div class=\"wp-block-group is-vertical is-content-justification-stretch is-layout-flex wp-container-core-group-is-layout-7e003bba wp-block-group-is-layout-flex\">\n<h2 class=\"wp-block-heading has-xx-large-font-size\">\u00ab&nbsp;Un comit\u00e9 qui n&rsquo;a pas compt\u00e9 ses heures&nbsp;\u00bb<\/h2>\n\n\n\n<p class=\"has-x-large-font-size\"><\/p>\n<\/div>\n<\/div>\n\n\n\n<div class=\"wp-block-column is-layout-flow wp-block-column-is-layout-flow\" style=\"flex-basis:12vw\"><\/div>\n\n\n\n<div class=\"wp-block-column is-layout-flow wp-block-column-is-layout-flow\">\n<div class=\"wp-block-group is-content-justification-right is-nowrap is-layout-flex wp-container-core-group-is-layout-17124a9a wp-block-group-is-layout-flex\">\n<p class=\"has-text-align-left\" style=\"line-height:0.6;text-transform:uppercase;writing-mode:vertical-rl\">Comit\u00e9<\/p>\n<\/div>\n<\/div>\n<\/div>\n<\/div>\n\n\n\n<div class=\"wp-block-group alignfull is-layout-flow wp-container-core-group-is-layout-f9cb6abc wp-block-group-is-layout-flow\" style=\"margin-top:0;margin-bottom:0\">\n<div class=\"wp-block-columns alignfull is-style-section-2 is-layout-flex wp-container-core-columns-is-layout-d9884270 wp-block-columns-is-layout-flex is-style-section-2--1\" style=\"padding-top:0;padding-bottom:0\">\n<div class=\"wp-block-column is-layout-flow wp-block-column-is-layout-flow\" style=\"flex-basis:50%\">\n<div class=\"wp-block-group is-vertical is-content-justification-stretch is-layout-flex wp-container-core-group-is-layout-098fff0a wp-block-group-is-layout-flex\" style=\"min-height:33vh;padding-top:var(--wp--preset--spacing--50);padding-right:var(--wp--preset--spacing--50);padding-bottom:var(--wp--preset--spacing--50);padding-left:var(--wp--preset--spacing--50)\">\n<div class=\"wp-block-group is-vertical is-content-justification-center is-layout-flex wp-container-core-group-is-layout-ce155fab wp-block-group-is-layout-flex\">\n<h2 class=\"wp-block-heading\">Comit\u00e9 de direction<\/h2>\n\n\n\n<p class=\"has-text-align-center\"><strong>Pr\u00e9sident<br><\/strong>Marc Chappuis<br><a href=\"mailto:president@mezieres26.ch\">president@mezieres26.ch<\/a><\/p>\n\n\n\n<hr class=\"wp-block-separator has-alpha-channel-opacity\"\/>\n\n\n\n<p class=\"has-text-align-center\"><strong>Vice-pr\u00e9sidente<\/strong><br>Nicole Pidoux<\/p>\n\n\n\n<hr class=\"wp-block-separator has-alpha-channel-opacity\"\/>\n\n\n\n<p class=\"has-text-align-center\"><strong>Secr\u00e9taires<br><\/strong>Val\u00e9rie Pasteris<br>Sandra Stettler Mayor<br>079 961 61 49<br><a href=\"mailto:info@mezieres26.ch\">info@mezieres26.ch<\/a><\/p>\n\n\n\n<hr class=\"wp-block-separator has-alpha-channel-opacity\"\/>\n\n\n\n<p class=\"has-text-align-center\"><strong>Finances<\/strong><br>Antoine Randin<br>Roger Stettler<br><a href=\"mailto:finance@mezieres26.ch\">finance@mezieres26.ch<\/a><\/p>\n\n\n\n<hr class=\"wp-block-separator has-alpha-channel-opacity\"\/>\n\n\n\n<p class=\"has-text-align-center\"><strong>Musique<\/strong><br>David Aebi<br><a href=\"mailto:musique@mezieres26.ch\">musique@mezieres26.ch<\/a><\/p>\n\n\n\n<hr class=\"wp-block-separator has-alpha-channel-opacity\"\/>\n\n\n\n<p class=\"has-text-align-center\"><strong>Membres<\/strong><br>Animation: R\u00e9gis Freiburgaus<br>B\u00e9n\u00e9voles: Rapha\u00ebl Pasteris<br><a href=\"mailto:benevoles@mezieres26.ch\">benevoles@mezieres26.ch<\/a><\/p>\n\n\n\n<hr class=\"wp-block-separator has-alpha-channel-opacity\"\/>\n<\/div>\n<\/div>\n\n\n\n<p><\/p>\n<\/div>\n\n\n\n<div class=\"wp-block-column is-vertically-aligned-center is-layout-flow wp-block-column-is-layout-flow\" style=\"flex-basis:50%\">\n<figure class=\"wp-block-image aligncenter size-large\"><img loading=\"lazy\" decoding=\"async\" width=\"1024\" height=\"683\" src=\"https:\/\/www.mezieres26.ch\/s\/wp-content\/uploads\/2025\/05\/image-1-1024x683.png\" alt=\"\" class=\"wp-image-94\" srcset=\"https:\/\/www.mezieres26.ch\/s\/wp-content\/uploads\/2025\/05\/image-1-1024x683.png 1024w, https:\/\/www.mezieres26.ch\/s\/wp-content\/uploads\/2025\/05\/image-1-300x200.png 300w, https:\/\/www.mezieres26.ch\/s\/wp-content\/uploads\/2025\/05\/image-1-768x512.png 768w, https:\/\/www.mezieres26.ch\/s\/wp-content\/uploads\/2025\/05\/image-1.png 1536w\" sizes=\"auto, (max-width: 1024px) 100vw, 1024px\" \/><\/figure>\n<\/div>\n<\/div>\n<\/div>\n\n\n\n<div class=\"wp-block-columns alignfull is-not-stacked-on-mobile is-layout-flex wp-container-core-columns-is-layout-e154fb6a wp-block-columns-is-layout-flex\" style=\"margin-top:0;margin-bottom:0;padding-top:var(--wp--preset--spacing--40);padding-right:var(--wp--preset--spacing--40);padding-bottom:var(--wp--preset--spacing--80);padding-left:var(--wp--preset--spacing--40)\">\n<div class=\"wp-block-column is-layout-flow wp-block-column-is-layout-flow\"><\/div>\n\n\n\n<div class=\"wp-block-column is-layout-flow wp-block-column-is-layout-flow\"><\/div>\n<\/div>\n\n\n\n<div class=\"wp-block-columns alignfull is-style-section-2 is-layout-flex wp-container-core-columns-is-layout-d9884270 wp-block-columns-is-layout-flex is-style-section-2--2\" style=\"padding-top:0;padding-bottom:0\">\n<div class=\"wp-block-column is-vertically-aligned-center is-layout-flow wp-block-column-is-layout-flow\" style=\"flex-basis:50%\">\n<figure class=\"wp-block-image aligncenter size-large\"><img loading=\"lazy\" decoding=\"async\" width=\"1024\" height=\"683\" src=\"https:\/\/www.mezieres26.ch\/s\/wp-content\/uploads\/2025\/05\/image-3-1024x683.png\" alt=\"\" class=\"wp-image-118\" srcset=\"https:\/\/www.mezieres26.ch\/s\/wp-content\/uploads\/2025\/05\/image-3-1024x683.png 1024w, https:\/\/www.mezieres26.ch\/s\/wp-content\/uploads\/2025\/05\/image-3-300x200.png 300w, https:\/\/www.mezieres26.ch\/s\/wp-content\/uploads\/2025\/05\/image-3-768x512.png 768w, https:\/\/www.mezieres26.ch\/s\/wp-content\/uploads\/2025\/05\/image-3.png 1536w\" sizes=\"auto, (max-width: 1024px) 100vw, 1024px\" \/><\/figure>\n<\/div>\n\n\n\n<div class=\"wp-block-column is-style-section-5 is-layout-flow wp-block-column-is-layout-flow is-style-section-5--3\" style=\"flex-basis:50%\">\n<div class=\"wp-block-group is-vertical is-content-justification-center is-layout-flex wp-container-core-group-is-layout-ce155fab wp-block-group-is-layout-flex\">\n<p><\/p>\n\n\n\n<h2 class=\"wp-block-heading\">Commissions<\/h2>\n\n\n\n<hr class=\"wp-block-separator has-alpha-channel-opacity\"\/>\n\n\n\n<p class=\"has-text-align-center\"><strong>Infrastructures<\/strong><br>Ludovic Pidoux<br>Ricardo Martins<\/p>\n\n\n\n<hr class=\"wp-block-separator has-alpha-channel-opacity\"\/>\n\n\n\n<p class=\"has-text-align-center\"><strong>D\u00e9coration<\/strong><br>Marilyn Morel<\/p>\n\n\n\n<hr class=\"wp-block-separator has-alpha-channel-opacity\"\/>\n\n\n\n<p class=\"has-text-align-center\"><strong>S\u00e9curit\u00e9, Parking, Cort\u00e8ge<\/strong><br>Julien Potterat<br>St\u00e9phan Trachsel<\/p>\n\n\n\n<hr class=\"wp-block-separator has-alpha-channel-opacity\"\/>\n\n\n\n<p class=\"has-text-align-center\"><strong>Communication, R\u00e9seaux Sociaux<\/strong><br>Gabriel Klein<br>077 405 21 90 &#8211; <a href=\"mailto:gabriel.klein@nuage.ch\">gabriel.klein@nuage.ch<\/a><\/p>\n\n\n\n<hr class=\"wp-block-separator has-alpha-channel-opacity\"\/>\n\n\n\n<p class=\"has-text-align-center\"><strong>Livret de f\u00eate, sponsoring<\/strong><br>Anita Vuagniaux<br>Louise-Anne Montagrin<br>St\u00e9phane Saugy<br><a href=\"mailto:sponsoring@mezieres26.ch\">sponsoring@mezieres26.ch<\/a><\/p>\n\n\n\n<hr class=\"wp-block-separator has-alpha-channel-opacity\"\/>\n\n\n\n<p class=\"has-text-align-center\"><strong>Subsistance<\/strong><br>Eva Chappuis<br>Gu\u00e9rin Ramuz<\/p>\n\n\n\n<hr class=\"wp-block-separator has-alpha-channel-opacity\"\/>\n\n\n\n<p class=\"has-text-align-center\"><strong>Boissons<\/strong><br>Serge Stucki<\/p>\n\n\n\n<p class=\"has-text-align-center\"><br><\/p>\n<\/div>\n<\/div>\n<\/div>\n","protected":false},"excerpt":{"rendered":"<p>\u00ab&nbsp;Un comit\u00e9 qui n&rsquo;a pas compt\u00e9 ses heures&nbsp;\u00bb Comit\u00e9 Comit\u00e9 de direction Pr\u00e9sidentMarc Chappuispresident@mezieres26.ch Vice-pr\u00e9sidenteNicole Pidoux Secr\u00e9tairesVal\u00e9rie PasterisSandra Stettler Mayor079 961 61 49info@mezieres26.ch FinancesAntoine RandinRoger Stettlerfinance@mezieres26.ch MusiqueDavid Aebimusique@mezieres26.ch MembresAnimation: R\u00e9gis FreiburgausB\u00e9n\u00e9voles: Rapha\u00ebl Pasterisbenevoles@mezieres26.ch Commissions InfrastructuresLudovic PidouxRicardo Martins D\u00e9corationMarilyn Morel S\u00e9curit\u00e9, Parking, Cort\u00e8geJulien PotteratSt\u00e9phan Trachsel Communication, R\u00e9seaux SociauxGabriel Klein077 405 21 90 &#8211; gabriel.klein@nuage.ch Livret de [&hellip;]<\/p>\n","protected":false},"author":1,"featured_media":0,"parent":0,"menu_order":0,"comment_status":"closed","ping_status":"closed","template":"","meta":{"footnotes":""},"class_list":["post-86","page","type-page","status-publish","hentry"],"jetpack_sharing_enabled":true,"_links":{"self":[{"href":"https:\/\/www.mezieres26.ch\/s\/wp-json\/wp\/v2\/pages\/86","targetHints":{"allow":["GET"]}}],"collection":[{"href":"https:\/\/www.mezieres26.ch\/s\/wp-json\/wp\/v2\/pages"}],"about":[{"href":"https:\/\/www.mezieres26.ch\/s\/wp-json\/wp\/v2\/types\/page"}],"author":[{"embeddable":true,"href":"https:\/\/www.mezieres26.ch\/s\/wp-json\/wp\/v2\/users\/1"}],"replies":[{"embeddable":true,"href":"https:\/\/www.mezieres26.ch\/s\/wp-json\/wp\/v2\/comments?post=86"}],"version-history":[{"count":15,"href":"https:\/\/www.mezieres26.ch\/s\/wp-json\/wp\/v2\/pages\/86\/revisions"}],"predecessor-version":[{"id":669,"href":"https:\/\/www.mezieres26.ch\/s\/wp-json\/wp\/v2\/pages\/86\/revisions\/669"}],"wp:attachment":[{"href":"https:\/\/www.mezieres26.ch\/s\/wp-json\/wp\/v2\/media?parent=86"}],"curies":[{"name":"wp","href":"https:\/\/api.w.org\/{rel}","templated":true}]}}